{"id":722,"date":"2020-01-30T00:20:03","date_gmt":"2020-01-30T00:20:03","guid":{"rendered":"http:\/\/www.galiciamotorent.com\/coruna\/?page_id=722"},"modified":"2020-07-14T12:56:07","modified_gmt":"2020-07-14T12:56:07","slug":"alquiler-de-motos-scooters-coruna","status":"publish","type":"page","link":"https:\/\/www.galiciamotorent.com\/coruna\/alquiler-de-motos-scooters-coruna\/","title":{"rendered":"Alquiler de motos scooters en La Coru\u00f1a"},"content":{"rendered":"<div class=\"wpb-content-wrapper\"><p>[vc_row el_id=\u00bbscouters\u00bb][vc_column width=\u00bb1\/3&#8243;][vc_single_image image=\u00bb242&#8243; img_size=\u00bbfull\u00bb alignment=\u00bbcenter\u00bb onclick=\u00bbcustom_link\u00bb css_animation=\u00bbbounceInLeft\u00bb link=\u00bbhttp:\/\/reservas.galiciamotorent.com\/\u00bb][vc_column_text css_animation=\u00bbfadeInUp\u00bb]<\/p>\n<p style=\"text-align: center;\">Yamaha Dlight<\/p>\n<ul style=\"text-align: center;\">\n<li style=\"text-align: left;\">Cilindrada <strong>125 cc<\/strong><\/li>\n<li style=\"text-align: left;\">Potencia <strong>7 cv<\/strong><\/li>\n<li style=\"text-align: left;\">Peso <strong>99 kg<\/strong><\/li>\n<li style=\"text-align: left;\">Clasificaci\u00f3n <strong>Scooter<\/strong><\/li>\n<li style=\"text-align: left;\">Carnet requerido <strong>B<\/strong><\/li>\n<\/ul>\n<p style=\"text-align: center;\"><span style=\"font-size: 22px;\"><strong>Desde 19 euros<\/strong><\/span><\/p>\n<p>[\/vc_column_text][\/vc_column][vc_column width=\u00bb1\/3&#8243;][vc_single_image image=\u00bb244&#8243; img_size=\u00bbfull\u00bb alignment=\u00bbcenter\u00bb onclick=\u00bbcustom_link\u00bb css_animation=\u00bbbounceInDown\u00bb link=\u00bbhttp:\/\/reservas.galiciamotorent.com\/\u00bb][vc_column_text css_animation=\u00bbfadeInUp\u00bb]<\/p>\n<p style=\"text-align: center;\">Yamaha Nmax<\/p>\n<ul>\n<li>Cilindrada <strong>125 cc<\/strong><\/li>\n<li>Potencia <strong>12 cv<\/strong><\/li>\n<li>Peso<strong>127 kg<\/strong><\/li>\n<li>Clasificaci\u00f3n <strong>Scooter<\/strong><\/li>\n<li>Carnet requerido <strong>B<\/strong><\/li>\n<\/ul>\n<p style=\"text-align: center;\"><span style=\"font-size: 22px;\"><strong>Desde 22 euros<\/strong><\/span><\/p>\n<p>[\/vc_column_text][\/vc_column][vc_column width=\u00bb1\/3&#8243;][vc_single_image image=\u00bb246&#8243; img_size=\u00bbfull\u00bb alignment=\u00bbcenter\u00bb onclick=\u00bbcustom_link\u00bb css_animation=\u00bbbounceInRight\u00bb link=\u00bbhttp:\/\/reservas.galiciamotorent.com\/\u00bb][vc_column_text css_animation=\u00bbfadeInUp\u00bb]<\/p>\n<p style=\"text-align: center;\">Yamaha X Max<\/p>\n<ul>\n<li>Cilindrada <strong>125 cc<\/strong><\/li>\n<li>Potencia <strong>15 cv<\/strong><\/li>\n<li>Peso <strong>173 kg<\/strong><\/li>\n<li>Clasificaci\u00f3n <strong>Scooter<\/strong><\/li>\n<li>Carnet requerido <strong>B<\/strong><\/li>\n<\/ul>\n<p style=\"text-align: center;\"><span style=\"font-size: 22px;\"><strong>Desde 26 euros<\/strong><\/span><\/p>\n<p>[\/vc_column_text][\/vc_column][\/vc_row][vc_row el_id=\u00bbmotos\u00bb][vc_column width=\u00bb1\/3&#8243;][vc_single_image image=\u00bb223&#8243; img_size=\u00bbfull\u00bb alignment=\u00bbcenter\u00bb onclick=\u00bbcustom_link\u00bb css_animation=\u00bbbounceInLeft\u00bb link=\u00bbhttp:\/\/reservas.galiciamotorent.com\/\u00bb][vc_column_text css_animation=\u00bbfadeInUp\u00bb]<\/p>\n<p style=\"text-align: center;\">Yamaha Tracer 700<\/p>\n<ul>\n<li>Cilindrada <strong>700 cc<\/strong><\/li>\n<li>Potencia <strong>75 cv<\/strong><\/li>\n<li>Peso <strong>196 kg<\/strong><\/li>\n<li>Clasificaci\u00f3n <strong>Naked<\/strong><\/li>\n<li>Carnet requerido <span style=\"color: #ff0000;\"><strong>A-A2 limitado<\/strong><\/span><\/li>\n<\/ul>\n<p style=\"text-align: center;\"><span style=\"font-size: 22px;\"><strong>Desde 39 euros<\/strong><\/span><\/p>\n<p>[\/vc_column_text][\/vc_column][vc_column width=\u00bb1\/3&#8243;][vc_single_image image=\u00bb232&#8243; img_size=\u00bbfull\u00bb alignment=\u00bbcenter\u00bb onclick=\u00bbcustom_link\u00bb css_animation=\u00bbbounceInDown\u00bb link=\u00bbhttp:\/\/reservas.galiciamotorent.com\/\u00bb][vc_column_text css_animation=\u00bbfadeInUp\u00bb]<\/p>\n<p style=\"text-align: center;\">Yamaha Tracer 900<\/p>\n<ul>\n<li>Cilindrada <strong>900 cc<\/strong><\/li>\n<li>Potencia <strong>115 cv<\/strong><\/li>\n<li>Peso <strong>191 kg<\/strong><\/li>\n<li>Clasificaci\u00f3n <strong>Sport Touring<\/strong><\/li>\n<li>Carnet requerido <span style=\"color: #ff0000;\"><strong>A<\/strong><\/span><\/li>\n<\/ul>\n<p style=\"text-align: center;\"><span style=\"font-size: 22px;\"><strong>Desde 55 euros<\/strong><\/span><\/p>\n<p>[\/vc_column_text][\/vc_column][vc_column width=\u00bb1\/3&#8243;][vc_single_image image=\u00bb442&#8243; img_size=\u00bbfull\u00bb alignment=\u00bbcenter\u00bb onclick=\u00bbcustom_link\u00bb css_animation=\u00bbbounceInRight\u00bb link=\u00bbhttp:\/\/reservas.galiciamotorent.com\/\u00bb][vc_column_text css_animation=\u00bbfadeInUp\u00bb]<\/p>\n<p style=\"text-align: center;\">Yamaha TMAX 530 SX<\/p>\n<ul>\n<li>Cilindrada <strong>530 cc<\/strong><\/li>\n<li>Potencia <strong>45 cv<\/strong><\/li>\n<li>Peso <strong>213 kg<\/strong><\/li>\n<li>Clasificaci\u00f3n <strong>Maxi Scooter<\/strong><\/li>\n<li>Carnet requerido <strong>A2<\/strong><\/li>\n<\/ul>\n<p style=\"text-align: center;\"><span style=\"font-size: 22px;\"><strong>Desde 55 euros<\/strong><\/span><\/p>\n<p>[\/vc_column_text][\/vc_column][\/vc_row][vc_row][vc_column width=\u00bb1\/3&#8243;][vc_single_image image=\u00bb248&#8243; img_size=\u00bbfull\u00bb alignment=\u00bbcenter\u00bb onclick=\u00bbcustom_link\u00bb css_animation=\u00bbbounceInLeft\u00bb link=\u00bbhttp:\/\/reservas.galiciamotorent.com\/\u00bb][vc_column_text css_animation=\u00bbfadeInUp\u00bb]<\/p>\n<p style=\"text-align: center;\">Yamaha Supertenere<\/p>\n<ul>\n<li>Cilindrada <strong>1200 cc<\/strong><\/li>\n<li>Potencia <strong>112 cv<\/strong><\/li>\n<li>Peso <strong>265 kg<\/strong><\/li>\n<li>Clasificaci\u00f3n <strong>Trail<\/strong><\/li>\n<li>Carnet requerido <span style=\"color: #ff0000;\"><strong>A<\/strong><\/span><\/li>\n<\/ul>\n<p style=\"text-align: center;\"><span style=\"font-size: 22px;\"><strong>Desde 59 euros<\/strong><\/span><\/p>\n<p>[\/vc_column_text][\/vc_column][vc_column width=\u00bb1\/3&#8243;][vc_single_image image=\u00bb715&#8243; img_size=\u00bbfull\u00bb alignment=\u00bbcenter\u00bb onclick=\u00bbcustom_link\u00bb css_animation=\u00bbbounceInUp\u00bb link=\u00bbhttp:\/\/reservas.galiciamotorent.com\/\u00bb][vc_column_text css_animation=\u00bbfadeInUp\u00bb]<\/p>\n<p style=\"text-align: center;\">Yamaha Niken<\/p>\n<ul>\n<li>Cilindrada <strong>900 cc<\/strong><\/li>\n<li>Potencia <strong>115 cv<\/strong><\/li>\n<li>Peso <strong>263 kg<\/strong><\/li>\n<li>Clasificaci\u00f3n <strong>Sport Touring<\/strong><\/li>\n<li>Carnet requerido <span style=\"color: #ff0000;\"><strong>A<\/strong><\/span><\/li>\n<\/ul>\n<p style=\"text-align: center;\"><span style=\"font-size: 22px;\"><strong>Desde 69 euros<\/strong><\/span><\/p>\n<p>[\/vc_column_text][\/vc_column][vc_column width=\u00bb1\/3&#8243;][vc_single_image image=\u00bb230&#8243; img_size=\u00bbfull\u00bb alignment=\u00bbcenter\u00bb onclick=\u00bbcustom_link\u00bb css_animation=\u00bbbounceInRight\u00bb link=\u00bbhttp:\/\/reservas.galiciamotorent.com\/\u00bb][vc_column_text css_animation=\u00bbfadeInUp\u00bb]<\/p>\n<p style=\"text-align: center;\">Yamaha FJR<\/p>\n<ul>\n<li>Cilindrada <strong>1300 cc<\/strong><\/li>\n<li>Potencia <strong>146 cv<\/strong><\/li>\n<li>Peso <strong>292 kg<\/strong><\/li>\n<li>Clasificaci\u00f3n <strong>Turismo<\/strong><\/li>\n<li>Carnet requerido <span style=\"color: #ff0000;\"><strong>A<\/strong><\/span><\/li>\n<\/ul>\n<p style=\"text-align: center;\"><span style=\"font-size: 22px;\"><strong>Desde 69 euros<\/strong><\/span><\/p>\n<p>[\/vc_column_text][\/vc_column][\/vc_row][vc_row content_placement=\u00bbmiddle\u00bb css_animation=\u00bbfadeInUp\u00bb][vc_column][vc_raw_html]JTNDZGl2JTIwaWQlM0QlMjJUQV9leGNlbGxlbnQ1ODMlMjIlMjBjbGFzcyUzRCUyMlRBX2V4Y2VsbGVudCUyMiUzRSUwQSUzQ3VsJTIwaWQlM0QlMjJmWXVVOFU0cGglMjIlMjBjbGFzcyUzRCUyMlRBX2xpbmtzJTIwdTBwc3RYQ3UlMjIlM0UlMEElM0NsaSUyMGlkJTNEJTIyY2ZOOTBlcUklMjIlMjBjbGFzcyUzRCUyMkZ3RGEzNEVHb2hxJTIyJTNFJTBBJTNDYSUyMHRhcmdldCUzRCUyMl9ibGFuayUyMiUyMGhyZWYlM0QlMjJodHRwcyUzQSUyRiUyRnd3dy50cmlwYWR2aXNvci5lcyUyRiUyMiUzRSUzQ2ltZyUyMHNyYyUzRCUyMmh0dHBzJTNBJTJGJTJGc3RhdGljLnRhY2RuLmNvbSUyRmltZzIlMkZ3aWRnZXQlMkZ0cmlwYWR2aXNvcl9sb2dvXzExNXgxOC5naWYlMjIlMjBhbHQlM0QlMjJUcmlwQWR2aXNvciUyMiUyMGNsYXNzJTNEJTIyd2lkRVhDSU1HJTIyJTIwaWQlM0QlMjJDRFNXSURFWENMT0dPJTIyJTJGJTNFJTNDJTJGYSUzRSUwQSUzQyUyRmxpJTNFJTBBJTNDJTJGdWwlM0UlMEElM0MlMkZkaXYlM0UlMEElM0NzY3JpcHQlMjBhc3luYyUyMHNyYyUzRCUyMmh0dHBzJTNBJTJGJTJGd3d3LmpzY2FjaGUuY29tJTJGd2VqcyUzRnd0eXBlJTNEZXhjZWxsZW50JTI2YW1wJTNCdW5pcSUzRDU4MyUyNmFtcCUzQmxvY2F0aW9uSWQlM0QxNDEwNjQzNiUyNmFtcCUzQmxhbmclM0RlcyUyNmFtcCUzQmRpc3BsYXlfdmVyc2lvbiUzRDIlMjIlM0UlM0MlMkZzY3JpcHQlM0U=[\/vc_raw_html][\/vc_column][\/vc_row][vc_row][vc_column][vc_column_text]Ahora puede <strong>alquilar con nosotros una moto o scooters<\/strong> en <strong>La Coru\u00f1a<\/strong>. Consulte cu\u00e1l es nuestra flota y entre ellas seleccione la que prefiera. Utilizando nuestro motor de reserva, obtendr\u00e1 como resultado tras seleccionar el lugar de recogida y devoluci\u00f3n, y las fechas de su preferencia, el precio de las motos o scooters y su disponibilidad.[\/vc_column_text][\/vc_column][\/vc_row][vc_row full_width=\u00bbstretch_row\u00bb disable_element=\u00bbyes\u00bb el_id=\u00bbservices\u00bb][vc_column][vc_custom_heading text=\u00bbOur Services\u00bb text_additional=\u00bbProbably the best service in the world\u00bb font_container=\u00bbtag:h2|text_align:center\u00bb][om_max_width max_width=\u00bb960&#8243;][om_services top_padding=\u00bb250&#8243; bottom_padding=\u00bb100&#8243;][om_services_item title=\u00bbChauffeur Drive\u00bb link=\u00bb|||\u00bb bg_image=\u00bb40&#8243;]Start your journey with the luxury of a chauffeured transfer. Our chauffeurs can be waiting for you when you arrive at your destination and return you to the airport for your flight home.[\/om_services_item][om_services_item title=\u00bbFuel Plans\u00bb link=\u00bb|||\u00bb bg_image=\u00bb39&#8243;]We offers a number of convenient car rental fuel plan options. Pay in advance for a full tank of gas and bring the car back empty or simply purchase a full tank just before you return the car to drop-off location.[\/om_services_item][om_services_item title=\u00bbPickup &amp; Delivery\u00bb bg_image=\u00bb38&#8243;]Just when you thought the great service you get from us couldn\u2019t get any better. Wheelsberry cars rental now offers customer pickup and delivery service to your office, home or repair shop.[\/om_services_item][\/om_services][\/om_max_width][vc_empty_space height=\u00bb40px\u00bb][\/vc_column][\/vc_row][vc_row full_width=\u00bbstretch_row\u00bb disable_element=\u00bbyes\u00bb el_id=\u00bbabout\u00bb css=\u00bb.vc_custom_1505996508106{background-color: #ffffff !important;}\u00bb][vc_column][vc_empty_space height=\u00bb40px\u00bb][vc_custom_heading text=\u00bbAbout Us\u00bb text_additional=\u00bbWide range of luxury, sports, and hybrid vehicles\u00bb font_container=\u00bbtag:h2|text_align:center\u00bb][om_about][om_about_item content_block=\u00bbcounter\u00bb title=\u00bbCar rental\u00bb image=\u00bb50&#8243; img=\u00bb51&#8243; counter_title=\u00bbHappy clients\u00bb counter_value=\u00bb3500&#8243;]Stands for exciting mobility and tailored solutions. We lead with innovation in the car hire sector. High-quality customer service and seamless rental experience.[\/om_about_item][om_about_item content_block=\u00bbimg\u00bb title=\u00bbAbout cars\u00bb image=\u00bb51&#8243; img=\u00bb53&#8243; content_img=\u00bb54&#8243;]One of the world&#8217;s largest car rental companies. More than 200 vehicles worldwide and 80+ premium cars[\/om_about_item][om_about_item content_block=\u00bbimg\u00bb title=\u00bbBest car rental rates\u00bb image=\u00bb51&#8243; img=\u00bb89&#8243; content_img=\u00bb57&#8243;]One of the world&#8217;s largest car rental companies. More than 200 vehicles worldwide and 80+ premium cars[\/om_about_item][\/om_about][vc_empty_space height=\u00bb40px\u00bb][\/vc_column][\/vc_row][vc_row full_width=\u00bbstretch_row\u00bb disable_element=\u00bbyes\u00bb el_id=\u00bbtestimonials\u00bb css=\u00bb.vc_custom_1505996461774{background-color: #f7f7f7 !important;}\u00bb][vc_column][vc_empty_space height=\u00bb40px\u00bb][vc_custom_heading text=\u00bbWhat clients say about us?\u00bb font_container=\u00bbtag:h2|text_align:center\u00bb uppercase=\u00bbyes\u00bb][om_testimonials][om_testimonials_item author=\u00bbScott Jackson, Los Angeles\u00bb]This was our first time renting from Wheelsberry and we were very pleased with the whole experience. Your price was lower than other companies. Our rental experience was good from start to finish, so we&#8217;ll be back in the future[\/om_testimonials_item][om_testimonials_item author=\u00bbEmilio Allison, NY\u00bb]I love the service from Wheelsberry, however the vehicle was not of the standard of cleanliness I would expect and am accustomed to.[\/om_testimonials_item][om_testimonials_item author=\u00bbKristi Rivera, Paris\u00bb]Professional staff who know what to do. After a long day traveling, dealing with people who are friendly, polite and efficient makes all the difference.[\/om_testimonials_item][\/om_testimonials][vc_empty_space height=\u00bb40px\u00bb][\/vc_column][\/vc_row][vc_row full_width=\u00bbstretch_row_content_no_spaces\u00bb el_id=\u00bblocations\u00bb][vc_column][om_rental_locations zoom=\u00bb16&#8243; title=\u00bbAlquiler de scooters y motos en La Coru\u00f1a\u00bb height=\u00bb370&#8243;][\/vc_column][\/vc_row][vc_row full_width=\u00bbstretch_row\u00bb][vc_column][vc_empty_space height=\u00bb40px\u00bb][vc_custom_heading text=\u00bbAtenci\u00f3n a clientes\u00bb text_additional=\u00bbSi tiene cualquier duda sobre nuestro servicio de alquiler de motos, cons\u00faltenos.\u00bb font_container=\u00bbtag:h2|text_align:center\u00bb uppercase=\u00bbyes\u00bb][om_persons][om_persons_item img_stand_out=\u00bbyes\u00bb name=\u00bbManell Motos\u00bb post=\u00bbAtenci\u00f3n a clientes\u00bb phone=\u00bbFijo: +34 986 32 57 00<br \/>\nM\u00f3vil :+34 689 77 11 88&#8243; img=\u00bb96&#8243; img_offset_x=\u00bb32&#8243; img_offset_y=\u00bb70&#8243;][\/om_persons][om_logos grayscale=\u00bbyes\u00bb images=\u00bb282&#8243;][vc_empty_space height=\u00bb20px\u00bb][\/vc_column][\/vc_row]<\/p>\n<\/div>","protected":false},"excerpt":{"rendered":"<p>[vc_row el_id=\u00bbscouters\u00bb][vc_column width=\u00bb1\/3&#8243;][vc_single_image image=\u00bb242&#8243; img_size=\u00bbfull\u00bb alignment=\u00bbcenter\u00bb onclick=\u00bbcustom_link\u00bb css_animation=\u00bbbounceInLeft\u00bb link=\u00bbhttp:\/\/reservas.galiciamotorent.com\/\u00bb][vc_column_text css_animation=\u00bbfadeInUp\u00bb] Yamaha Dlight Cilindrada 125 cc Potencia 7 cv Peso 99 kg Clasificaci\u00f3n Scooter Carnet requerido&hellip;<\/p>\n<p><a href=\"https:\/\/www.galiciamotorent.com\/coruna\/alquiler-de-motos-scooters-coruna\/\" class=\"read-more-link\">Read more<\/a><\/p>\n","protected":false},"author":1,"featured_media":0,"parent":0,"menu_order":0,"comment_status":"closed","ping_status":"closed","template":"template-content-only.php","meta":{"footnotes":""},"class_list":["post-722","page","type-page","status-publish","hentry"],"yoast_head":"<!-- This site is optimized with the Yoast SEO plugin v27.4 - https:\/\/yoast.com\/product\/yoast-seo-wordpress\/ -->\n<title>Alquiler de motos scooters en La Coru\u00f1a<\/title>\n<meta name=\"description\" content=\"Servicio de alquiler de motos y scooters en La Coru\u00f1a. Amplia flota, servicio atento y puntual, y amplia flota a su disposici\u00f3n con precios econ\u00f3micos. Alquiler online.\" \/>\n<meta name=\"robots\" content=\"index, follow, max-snippet:-1, max-image-preview:large, max-video-preview:-1\" \/>\n<link rel=\"canonical\" href=\"https:\/\/www.galiciamotorent.com\/coruna\/alquiler-de-motos-scooters-coruna\/\" \/>\n<meta property=\"og:locale\" content=\"es_ES\" \/>\n<meta property=\"og:type\" content=\"article\" \/>\n<meta property=\"og:title\" content=\"Alquiler de motos scooters en La Coru\u00f1a\" \/>\n<meta property=\"og:description\" content=\"Servicio de alquiler de motos y scooters en La Coru\u00f1a. Amplia flota, servicio atento y puntual, y amplia flota a su disposici\u00f3n con precios econ\u00f3micos. Alquiler online.\" \/>\n<meta property=\"og:url\" content=\"https:\/\/www.galiciamotorent.com\/coruna\/alquiler-de-motos-scooters-coruna\/\" \/>\n<meta property=\"og:site_name\" content=\"Alquiler de motos en La Coru\u00f1a\" \/>\n<meta property=\"article:modified_time\" content=\"2020-07-14T12:56:07+00:00\" \/>\n<meta name=\"twitter:card\" content=\"summary_large_image\" \/>\n<meta name=\"twitter:label1\" content=\"Tiempo de lectura\" \/>\n\t<meta name=\"twitter:data1\" content=\"7 minutos\" \/>\n<script type=\"application\/ld+json\" class=\"yoast-schema-graph\">{\"@context\":\"https:\\\/\\\/schema.org\",\"@graph\":[{\"@type\":\"WebPage\",\"@id\":\"https:\\\/\\\/www.galiciamotorent.com\\\/coruna\\\/alquiler-de-motos-scooters-coruna\\\/\",\"url\":\"https:\\\/\\\/www.galiciamotorent.com\\\/coruna\\\/alquiler-de-motos-scooters-coruna\\\/\",\"name\":\"Alquiler de motos scooters en La Coru\u00f1a\",\"isPartOf\":{\"@id\":\"https:\\\/\\\/www.galiciamotorent.com\\\/coruna\\\/#website\"},\"datePublished\":\"2020-01-30T00:20:03+00:00\",\"dateModified\":\"2020-07-14T12:56:07+00:00\",\"description\":\"Servicio de alquiler de motos y scooters en La Coru\u00f1a. Amplia flota, servicio atento y puntual, y amplia flota a su disposici\u00f3n con precios econ\u00f3micos. Alquiler online.\",\"breadcrumb\":{\"@id\":\"https:\\\/\\\/www.galiciamotorent.com\\\/coruna\\\/alquiler-de-motos-scooters-coruna\\\/#breadcrumb\"},\"inLanguage\":\"es\",\"potentialAction\":[{\"@type\":\"ReadAction\",\"target\":[\"https:\\\/\\\/www.galiciamotorent.com\\\/coruna\\\/alquiler-de-motos-scooters-coruna\\\/\"]}]},{\"@type\":\"BreadcrumbList\",\"@id\":\"https:\\\/\\\/www.galiciamotorent.com\\\/coruna\\\/alquiler-de-motos-scooters-coruna\\\/#breadcrumb\",\"itemListElement\":[{\"@type\":\"ListItem\",\"position\":1,\"name\":\"Portada\",\"item\":\"https:\\\/\\\/www.galiciamotorent.com\\\/coruna\\\/\"},{\"@type\":\"ListItem\",\"position\":2,\"name\":\"Alquiler de motos scooters en La Coru\u00f1a\"}]},{\"@type\":\"WebSite\",\"@id\":\"https:\\\/\\\/www.galiciamotorent.com\\\/coruna\\\/#website\",\"url\":\"https:\\\/\\\/www.galiciamotorent.com\\\/coruna\\\/\",\"name\":\"Alquiler de motos en La Coru\u00f1a\",\"description\":\"Alquiler de motos y scooters en Vigo\",\"potentialAction\":[{\"@type\":\"SearchAction\",\"target\":{\"@type\":\"EntryPoint\",\"urlTemplate\":\"https:\\\/\\\/www.galiciamotorent.com\\\/coruna\\\/?s={search_term_string}\"},\"query-input\":{\"@type\":\"PropertyValueSpecification\",\"valueRequired\":true,\"valueName\":\"search_term_string\"}}],\"inLanguage\":\"es\"}]}<\/script>\n<!-- \/ Yoast SEO plugin. -->","yoast_head_json":{"title":"Alquiler de motos scooters en La Coru\u00f1a","description":"Servicio de alquiler de motos y scooters en La Coru\u00f1a. Amplia flota, servicio atento y puntual, y amplia flota a su disposici\u00f3n con precios econ\u00f3micos. Alquiler online.","robots":{"index":"index","follow":"follow","max-snippet":"max-snippet:-1","max-image-preview":"max-image-preview:large","max-video-preview":"max-video-preview:-1"},"canonical":"https:\/\/www.galiciamotorent.com\/coruna\/alquiler-de-motos-scooters-coruna\/","og_locale":"es_ES","og_type":"article","og_title":"Alquiler de motos scooters en La Coru\u00f1a","og_description":"Servicio de alquiler de motos y scooters en La Coru\u00f1a. Amplia flota, servicio atento y puntual, y amplia flota a su disposici\u00f3n con precios econ\u00f3micos. Alquiler online.","og_url":"https:\/\/www.galiciamotorent.com\/coruna\/alquiler-de-motos-scooters-coruna\/","og_site_name":"Alquiler de motos en La Coru\u00f1a","article_modified_time":"2020-07-14T12:56:07+00:00","twitter_card":"summary_large_image","twitter_misc":{"Tiempo de lectura":"7 minutos"},"schema":{"@context":"https:\/\/schema.org","@graph":[{"@type":"WebPage","@id":"https:\/\/www.galiciamotorent.com\/coruna\/alquiler-de-motos-scooters-coruna\/","url":"https:\/\/www.galiciamotorent.com\/coruna\/alquiler-de-motos-scooters-coruna\/","name":"Alquiler de motos scooters en La Coru\u00f1a","isPartOf":{"@id":"https:\/\/www.galiciamotorent.com\/coruna\/#website"},"datePublished":"2020-01-30T00:20:03+00:00","dateModified":"2020-07-14T12:56:07+00:00","description":"Servicio de alquiler de motos y scooters en La Coru\u00f1a. Amplia flota, servicio atento y puntual, y amplia flota a su disposici\u00f3n con precios econ\u00f3micos. Alquiler online.","breadcrumb":{"@id":"https:\/\/www.galiciamotorent.com\/coruna\/alquiler-de-motos-scooters-coruna\/#breadcrumb"},"inLanguage":"es","potentialAction":[{"@type":"ReadAction","target":["https:\/\/www.galiciamotorent.com\/coruna\/alquiler-de-motos-scooters-coruna\/"]}]},{"@type":"BreadcrumbList","@id":"https:\/\/www.galiciamotorent.com\/coruna\/alquiler-de-motos-scooters-coruna\/#breadcrumb","itemListElement":[{"@type":"ListItem","position":1,"name":"Portada","item":"https:\/\/www.galiciamotorent.com\/coruna\/"},{"@type":"ListItem","position":2,"name":"Alquiler de motos scooters en La Coru\u00f1a"}]},{"@type":"WebSite","@id":"https:\/\/www.galiciamotorent.com\/coruna\/#website","url":"https:\/\/www.galiciamotorent.com\/coruna\/","name":"Alquiler de motos en La Coru\u00f1a","description":"Alquiler de motos y scooters en Vigo","potentialAction":[{"@type":"SearchAction","target":{"@type":"EntryPoint","urlTemplate":"https:\/\/www.galiciamotorent.com\/coruna\/?s={search_term_string}"},"query-input":{"@type":"PropertyValueSpecification","valueRequired":true,"valueName":"search_term_string"}}],"inLanguage":"es"}]}},"_links":{"self":[{"href":"https:\/\/www.galiciamotorent.com\/coruna\/wp-json\/wp\/v2\/pages\/722","targetHints":{"allow":["GET"]}}],"collection":[{"href":"https:\/\/www.galiciamotorent.com\/coruna\/wp-json\/wp\/v2\/pages"}],"about":[{"href":"https:\/\/www.galiciamotorent.com\/coruna\/wp-json\/wp\/v2\/types\/page"}],"author":[{"embeddable":true,"href":"https:\/\/www.galiciamotorent.com\/coruna\/wp-json\/wp\/v2\/users\/1"}],"replies":[{"embeddable":true,"href":"https:\/\/www.galiciamotorent.com\/coruna\/wp-json\/wp\/v2\/comments?post=722"}],"version-history":[{"count":4,"href":"https:\/\/www.galiciamotorent.com\/coruna\/wp-json\/wp\/v2\/pages\/722\/revisions"}],"predecessor-version":[{"id":729,"href":"https:\/\/www.galiciamotorent.com\/coruna\/wp-json\/wp\/v2\/pages\/722\/revisions\/729"}],"wp:attachment":[{"href":"https:\/\/www.galiciamotorent.com\/coruna\/wp-json\/wp\/v2\/media?parent=722"}],"curies":[{"name":"wp","href":"https:\/\/api.w.org\/{rel}","templated":true}]}}